749 composite?
True
Is 73349 composite?
True
Is 26539 a composite number?
False
Is 6989 prime?
False
Is 261047 prime?
False
Is 140083 a prime number?
False
Is 5663 composite?
True
Is 934163 a composite number?
True
Is 1329011 a composite number?
False
Is 1602379 a prime number?
True
Is 11197 a prime number?
True
Is 20173 a prime number?
True
Is 790051 a composite number?
False
Is 2350837 a prime number?
True
Is 9853 prime?
False
Is 728627 prime?
True
Is 479 composite?
False
Is 1515391 composite?
False
Is 26083 prime?
True
Is 135659 a composite number?
True
Is 2605 a prime number?
False
Is 370699 a composite number?
True
Is 2559 composite?
True
Is 482627 a composite number?
False
Is 349793 composite?
False
Is 16255 prime?
False
Is 34811 composite?
True
Is 69779 a prime number?
True
Is 109853 prime?
False
Is 30403 a prime number?
True
Is 343891 composite?
False
Is 23531 prime?
True
Is 16673 prime?
True
Is 58262 a composite number?
True
Is 48629 prime?
False
Is 925607 prime?
True
Is 3295 composite?
True
Is 62993 a prime number?
False
Is 11759 prime?
False
Is 47563 a composite number?
False
Is 21353 a prime number?
False
Is 1837 composite?
True
Is 164569 a composite number?
False
Is 46741 prime?
False
Is 1010953 composite?
True
Is 126403 prime?
False
Is 3983 a prime number?
False
Is 115499 composite?
False
Is 51217 composite?
False
Is 54097 a prime number?
False
Is 37901 composite?
True
Is 36583 composite?
False
Is 202001 prime?
True
Is 50801 prime?
False
Is 580889 prime?
True
Is 12301 a prime number?
True
Is 23717 prime?
False
Is 149771 a composite number?
False
Is 967471 prime?
False
Is 506006 a prime number?
False
Is 211927 composite?
False
Is 409811 composite?
True
Is 22267 a prime number?
False
Is 44803 composite?
True
Is 61603 prime?
True
Is 54515 composite?
True
Is 317377 prime?
False
Is 11591 a prime number?
False
Is 2503 composite?
False
Is 37397 composite?
False
Is 90177 a composite number?
True
Is 23657 prime?
False
Is 44717 composite?
True
Is 664343 prime?
False
Is 14969 composite?
False
Is 9745 composite?
True
Is 479 prime?
True
Is 3222753 prime?
False
Is 16805 prime?
False
Is 14251 a prime number?
True
Is 78401 a composite number?
False
Is 35589 prime?
False
Is 62891 a composite number?
True
Is 8857 prime?
False
Is 1457 a prime number?
False
Is 11669 a prime number?
False
Is 3109 composite?
False
Is 48731 a composite number?
False
Is 63355 composite?
True
Is 70937 composite?
False
Is 310313 a prime number?
True
Is 239287 a composite number?
False
Is 18497 a prime number?
False
Is 843 a prime number?
False
Is 10937 composite?
False
Is 10547 composite?
True
Is 4535 a composite number?
True
Is 1897 a prime number?
False
Is 924601 a prime number?
True
Is 1661 prime?
False
Is 31681 composite?
True
Is 211 a prime number?
True
Is 76801 a composite number?
False
Is 88589 prime?
True
Is 10781 a composite number?
False
Is 626935 a prime number?
False
Is 2447 prime?
True
Is 2271569 a composite number?
False
Is 657779 a composite number?
False
Is 38273 composite?
False
Is 46213 composite?
True
Is 38971 a composite number?
False
Is 3449 composite?
False
Is 2813 a composite number?
True
Is 42611 a prime number?
True
Is 22567 prime?
True
Is 264817 a composite number?
True
Is 9563 a prime number?
False
Is 32951 a composite number?
True
Is 13157 prime?
False
Is 48331 prime?
False
Is 32111 prime?
False
Is 80723 prime?
False
Is 673 a prime number?
True
Is 20653 composite?
True
Is 2507467 a composite number?
False
Is 47111 a prime number?
True
Is 106958 a composite number?
True
Is 37423 a composite number?
False
Is 26513 a prime number?
True
Is 4861 prime?
True
Is 366677 prime?
True
Is 8813 a composite number?
True
Is 120305 a composite number?
True
Is 835043 a prime number?
False
Is 1414039 a prime number?
False
Is 180935 composite?
True
Is 33719 composite?
True
Is 121181 a prime number?
True
Is 12239 prime?
True
Is 126001 a composite number?
False
Is 564193 composite?
True
Is 110491 composite?
False
Is 15441 composite?
True
Is 472373 prime?
False
Is 5095 a prime number?
False
Is 5297 a composite number?
False
Is 48727 composite?
True
Is 65643 a composite number?
True
Is 4987 prime?
True
Is 605113 a composite number?
False
Is 1691393 a prime number?
False
Is 13837 composite?
True
Is 16033 prime?
True
Is 213307 a composite number?
False
Is 41773 a prime number?
False
Is 19347 composite?
True
Is 6257 a composite number?
False
Is 15131 composite?
False
Is 1454707 composite?
True
Is 85661 composite?
False
Is 27439 a prime number?
False
Is 198871 prime?
False
Is 6637 prime?
True
Is 76135 prime?
False
Is 257305 composite?
True
Is 331691 prime?
True
Is 30817 a prime number?
True
Is 192217 prime?
False
Is 5147 composite?
False
Is 557389 a composite number?
True
Is 269462 a composite number?
True
Is 4569 a prime number?
False
Is 133957 composite?
True
Is 3435605 a composite number?
True
Is 93941 prime?
True
Is 437137 a composite number?
False
Is 1531793 a prime number?
True
Is 28739 prime?
False
Is 14699 a composite number?
False
Is 1067779 prime?
False
Is 7699 prime?
True
Is 12829 prime?
True
Is 10901 a composite number?
True
Is 180617 prime?
True
Is 67601 a composite number?
False
Is 67403 prime?
False
Is 208646 a prime number?
False
Is 7057 composite?
False
Is 82003 a composite number?
False
Is 10709 composite?
False
Is 2447077 composite?
False
Is 285679 a composite number?
True
Is 4063 a composite number?
True
Is 676409 composite?
False
Is 63487 composite?
False
Is 48709 composite?
True
Is 56179 a prime number?
True
Is 391843 composite?
True
Is 33541 a composite number?
True
Is 135591 prime?
False
Is 1053233 prime?
True
Is 11549 composite?
False
Is 34421 a composite number?
False
Is 61307 a prime number?
False
Is 106903 prime?
True
Is 123317 composite?
True
Is 1830511 composite?
False
Is 750733 a prime number?
False
Is 1205959 a prime number?
False
Is 13259 a prime number?
True
Is 12667 prime?
False
Is 2929 a composite number?
True
Is 26801 composite?
False
Is 10973 prime?
True
Is 4987 composite?
False
Is 154841 prime?
True
Is 173429 composite?
False
Is 36589 composite?
True
Is 383879 composite?
True
Is 16619 a composite number?
False
Is 4181 prime?
False
Is 191363 prime?
False
Is 103667 composite?
True
Is 82078 a composite number?
True
Is 437 a prime number?
False
Is 8491 prime?
False
Is 105107 a prime number?
True
Is 210895 a prime number?
False
Is 86423 prime?
True
Is 13859 a composite number?
False
Is 430487 composite?
False
Is 1786583 a prime number?
True
Is 32311 composite?
True
Is 1193041 a composite number?
False
Is 1428863 a composite number?
False
Is 32987 a prime number?
True
Is 59863 composite?
False
Is 52991 a prime number?
False
Is 1943 composite?
True
Is 10223 prime?
True
Is 175291 composite?
False
Is 393479 composite?
False
Is 67439 a composite number?
True
Is 57557 a prime number?
True
Is 4091 a prime number?
True
Is 31285 a prime number?
False
Is 775793 a composite number?
True
Is 402373 composite?
True
Is 2307 a prime number?
False
Is 22301 a prime number?
False
Is 418199 a prime number?
True
Is 6137761 a composite number?
True
Is 257035 prime?
False
Is 118561 a prime number?
False
Is 63359 prime?
False
Is 1082 prime?
False
Is 363251 prime?
False
Is 206147 a composite number?
True
Is 851 a composite number?
True
Is 2532517 composite?
True
Is 116953 prime?
True
Is 543955 composite?
True
Is 8857 composite?
True
Is 99001 a prime number?
False
Is 11057 a prime number?
True
Is 9031 a prime number?
False
Is 3389 a composite number?
False
Is 96259 a composite number?
False
Is 81509 prime?
True
Is 79661 composite?
True
Is 4831 prime?
True
Is 1276493 a prime number?
False
Is 4063 a composite number?
True
Is 1511 a prime number?
True
Is 22889 a prime number?
False
Is 2149 a prime number?
False
Is 80777 prime?
True
Is 416761 prime?
True
Is 5314 prime?
False
Is 84961 prime?
True
Is 2547377 prime?
False
Is 9651 composite?
True
Is 446179 a prime number?
True
Is 4971 a prime number?
False
Is 48061 a composite number?
True
Is 148331 a prime number?
True
Is 12511 a composite number?
False
Is 1382195 composite?
True
Is 4295 a prime number?
False
Is 147841 a prime number?
False
Is 2333 prime?
True
Is 322757 a composite number?
False
Is 16234 a prime nu